17 + 0 + -40 + -2?
-65
What is 4 + (-18 + 25 - (18 - 0)) + (-41 - -20)?
-28
What is 1 + 6 - (4 + -10 + (13 - 10))?
10
What is the value of (-40 - -69) + -33 + 0 + 84?
80
(12 - 2) + (35 - (19 + 16 + -9))
19
What is (-76 - -2) + (3369 - 3374)?
-79
(266 - 170) + 3 + -7 + 12 - (20 + -32)
116
What is 75 + -5 - ((81 - 121) + 71)?
39
Calculate -15 - (-15 + (-4 - -5) + 17 + 21).
-39
Evaluate -76 + 46 - (-13 - (9 - 21)).
-29
Evaluate (-20 - 2) + 63 + -18 + -9.
14
Calculate 2 - ((-7 - -11) + -14 + (-1 - 85 - 2)).
100
What is the value of (-3 - -4) + (-34 - 25) + 79?
21
Calculate (-8 - -88) + -101 + 66.
45
Evaluate (51 - (144 + -51)) + (-4 - -1).
-45
What is the value of 72 - (77 - -57) - -1?
-61
What is the value of -16 + 0 + -5 - (5 + (-6 - -10))?
-30
Evaluate 49 + -60 + 30 - (19 + 0).
0
What is 9 - (82 + (-20 - (-29 - -4)))?
-78
Calculate 17 + (-57 - -20) - -28.
8
What is the value of 85 + -18 + 67 + -41 + (3 - -2)?
98
Evaluate (9 - 75) + -3 + (105 - 89) + -24 + 0.
-77
-97 + 55 - -9 - 14
-47
What is (-56 - (-67 + 58)) + 1 + 2 + -2?
-46
Evaluate (0 - -1) + 4 - (13 + -8) - (25 + -10).
-15
Evaluate (-1 - 0 - -1) + (163 - 65) + -66.
32
Evaluate (-5 - (-10 + (3 - -8) - -10)) + -43.
-59
-16 + -2 + -77 + 54 + 29
-12
What is 5 + 1 + 4 + -6 + 86 + 62 + -155?
-3
What is the value of 3 + (10 - 81) + 16 + -8 + 10?
-50
What is the value of -11 + -20 + 41 + 20 + 45?
75
Evaluate (-68 - (-341 + 295)) + -1 + -39.
-62
Calculate (-1 - (4 + -6)) + (-124 - -174).
51
What is -127 + (89 - 76 - (-11 - 13))?
-90
What is -4 - (-27 - (-22 + (12 - -3)))?
16
Calculate 99 - -2 - (44 - 3).
60
What is the value of (3 - (11 - 4)) + (-4 - 8 - -26) + -23?
-13
Evaluate 8 - -13 - (72 - 8 - -2).
-45
Evaluate 2910 + -2962 + (58 - -2).
8
What is the value of 20 + (-14 - 8) + -87?
-89
14 + 8 + (-17 - 14) + 2
-7
Calculate 23 + -1 - (-122 + 153 - 54).
45
What is the value of (22 - (20 - (-25 - -27))) + -48 + -2?
-46
Calculate (0 - -9) + (38 - (39 + -9 - 4)).
21
What is the value of 103 - (220 + -142) - (65 - -1) - (-5 + 1)?
-37
(-28 - 21) + 41 - (0 + 94) - 17
-119
What is the value of -62 - (-14 + (-30 - -38))?
-56
Calculate (-79 - -109 - 100) + 33.
-37
-40 - (23 + -41) - 12
-34
Evaluate -17 + (-2 - (-50 + 17 + 24)).
-10
What is (8 - (-2 - -8) - -50 - 8) + -2 + -8?
34
Calculate 598 + -644 + (4 - 11 - (-17 + -3 + 7)).
-40
What is the value of 12 + -13 - 1 - (59 + -4) - (-6 + 4)?
-55
24 + (-5 - 17) - (9 + -3 + -63)
59
What is 196 + -351 + (32 - -21)?
-102
-2 - (-10 + (-19 - -44)) - -58
41
Evaluate 21 + (-17 - (-8 + -9 - -45)).
-24
Evaluate (-1 - (118 + (-5 - -1))) + (69 - 73) - -6.
-113
What is 10 + (10 - 1 - (184 - 175) - -14)?
24
Evaluate (-718 - -727) + (-1 - -7) - (140 + -3).
-122
-37 + 17 + 44 - 2 - (-29 + 23)
28
What is 0 - 5 - (15 + (-8 - -4) - (-38 + 54))?
0
What is -3 + 0 + 92 + -6 + (-5 - (4 + -7))?
81
-14 + (0 - -15) + (-221 - -207)
-13
What is 76 - 32 - 113 - (-9 + 0)?
-60
Evaluate 3 - (-30 + ((5 - 5) + 5 - 14)).
42
76 - 60 - (-13 - (2 + -3 + 0))
28
Calculate 45 - -1 - (11 + (-10 - -2) + (18 - 21)).
46
(-6 - ((-7 - -13) + -18 + -4)) + -8
2
Calculate (-7 - 14 - -96) + -32.
43
Calculate -20 - (22 + -27) - (-5 + 6 + -89).
73
39 + -35 + -8 - 46
-50
Evaluate -161 - -181 - (129 - -5 - (6 + -2)).
-110
(-13 - -44 - -30) + -55
6
Calculate 7 + -3 + (12 - -75) - (-161 + 146).
106
92 - (111 + -41) - (-1 - -19) - (5 + 47)
-48
What is the value of -17 - (-37 + (28 + -23 - -8))?
7
What is the value of 0 + -24 + (6 - 19 - -25)?
-12
Evaluate 19 + (-15 + -1 - (-237 + 238)).
2
Evaluate (-16 + 9 - -5 - (1 - (22 - 11))) + -31.
-23
Calculate 3 - -2 - ((-2 + -43 - -11) + 4).
35
Calculate 14 + 33 + -48 - 38.
-39
What is -361 + 342 - (-12 - (-7 + 8))?
-6
Calculate 69 - (4 + 32) - 52.
-19
Calculate 121 - 127 - (2 - (0 + -5 + 6 + 1)).
-6
Evaluate 1 + (-15 - -4 - 4) - (-3 + (-1 - 92)).
82
(15 - (10 + 9 + -14)) + -15 + 20
15
Calculate (-1 - 7 - (7 + -8)) + 24 - 4.
13
What is -56 - (4 - -2 - (-4 - (-8 + 10 - 6)))?
-62
Calculate -10 + (-4 - 4) + 22.
4
Evaluate -8 + 2 + -2 - (2993 - 2987).
-14
Evaluate (11 - -25 - 26) + 56.
66
Calculate 13 - -2 - (-9 - 28 - -9).
43
-49 - (8 - 44) - 32
-45
Evaluate -35 - (23 + -8) - -52.
2
What is the value of -593 + 526 + -4 + 91?
20
What is the value of 13 + -22 + (24 - 20) + 0 + -56?
-61
74 + (-4 - 15) + 33 + -6 + -19
63
Calculate -49 - (-14 + -1 + 21 + -13) - -6.
-36
(-38 - -92) + 15 - (17 - 11 - (2 + 0))
65
Calculate -31 - (-343 - -348 - (-1 + -12)).
-49
Calculate -9 + (-9 - (-3 + -10 - -7)) - 36.
-48
0 + -2 + (8 - 0 - 8) + 4 - 67
-65
Evaluate -104 - -8 - (-105 + -74).
83
Evaluate -19 + 43 + -18 + 50 + 3 + -14.
45
What is -15 + 0 + -808 + 802 + -75?
-96
Calculate (-7 - -49) + -1 + (-12 - 2).
27
What is -113 + 0 - (20043 - 20220)?
64
Evaluate 12 + 0 + -1484 + 1460 + (-1 - -27).
14
(-10 - (-13 + 0 + 9)) + (8 - -5) + 22
29
48 + -88 + 30 - -34
24
What is 8 + 2 - (890 - 929)?
49
Evaluate 49 + 22 + -6 + (21 - (21 + 4)).
61
What is the value of (91 + -50 - 57) + 47?
31
82 + (2 - 19 - (10 + -10 + -12 + 9))
68
What is (49 - 10 - 28) + -105 + -3 + (-5 - -12)?
-90
What is the value of (-30 + -8 - 4) + (217 - 208)?
-33
-45 + 87 + (-17 - 9 - -6)
22
Evaluate (-42 - -33) + (-4 - -26) + 36 - 8.
41
Evaluate (-12 + 16 + -4 - -19) + 22.
41
Evaluate 21 - (4 + (-2 - -16) + -9 + (-12 - -7)).
17
(20 - (-1 - -74) - 13) + -7 + (1 - 5)
-77
Calculate -463 + 531 - (0 - -190).
-122
What is (3 - -2) + (-127 - -231 - (-11 + 2))?
118
What is the value of (-39 - -7) + 84 + -74?
-22
Calculate ((1 - 5) + (11 - 13) - 1) + -302 + 306.
-3
What is (-4 - -4 - 78) + (-106 - -4) + 86?
-94
Evaluate 9 - (-10 + 12 - 5 - -1) - 5.
6
What is (-336 - -336 - (13 + -6 + 11)) + -99?
-117
Evaluate 9 - (23 - (36 - -3)) - 16 - (-1 + 1).
9
Evaluate -7890 + 7904 - ((9 - 7) + 64 + 0).
-52
What is the value of (-30 - 17) + 96 + -45 + 1 + -49?
-44
Calculate (56 + -87 - -16) + -19.
-34
Calculate 40 + (-95 - -152) + 57.
154
What is -4 - (-37 + 3) - -13?
43
What is 43 - (173 + -68 + 1)?
-63
Calculate (0 + 26 - 20) + 25.
31
0 + 17 - (14 - (-105 + 93))
-9
What is (13 + -12 - -7 - (5 + -1 + -26)) + 8?
38
Calculate 4 + 2 - 11 - (8 - 3) - -9 - -78.
77
What is (-2 + 3 - -4) + 3557 + -3499?
63
(-27 - 0 - -2) + (1565 - 1477)
63
14 - (26 + (26 - 45)) - (-4 + -53 + -5)
69
What is -1 - 13 - ((-799 - -782) + 6 + 1)?
-4
(15 - 4) + -13 + (5 - 0) - (-110 - -11)
102
Evaluate -853 + 711 - (-4 + -6 + 16 + -27).
-121
What is the value of 2168 + -2179 - (-15 + (-4 - -5 - 3))?
6
Evaluate 10 - -37 - 22 - 34 - 63.
-72
Calculate -5 + (-14 - (-9 - 0) - (-4 - -2)) - 22.
-30
0 - -19 - (10 - -206 - 231)
34
Calculate (7 + -20 - -5) + (-140 - -238).
90
8 + (13 - -20) - (21 + -6)
26
What is the value of 7 - (-8 + 47) - (-291 + 335)?
-76
Evaluate -88 + 161 + -74 + -80.
-81
What is 8 + 31 - (-2 - (8 + -13 + 6))?
42
What is 7 + 8 + -16 + (0 - (26 - -10)) + -7?
-44
Evaluate 70 - (49 + -81 + 41).
61
What is (-16 + -40 - -58) + (3 + 1 - -19)?
25
Calculate -28 - (-23 + 27 + -17 + -14).
-1
Evaluate 3 + 31 - (10 + -26 - -12) - (-3 + 0).
41
Calculate 7 + 30 + 10 + -12 + -10.
25
What is (-518 - -509 - (-1 + -10 - 0)) + (-14 - -1)?
-11
Evaluate -69 + (-12 - -82) + -19 + -2.
-20
-1 + 48 - (-1147 + 1174)
20
(-12 + 2 - (-13 - 24)) + 8
35
Evaluate -12 - (-74 - (-18 + -6)) - -28.
66
Calculate 42 - ((40 - 36) + 27) - 30.
-19
What is (1 - -100) + 3482 + -3566?
17
What is the value of 29 - (21 + 7 + (-19 - 7))?
27
Evaluate (-54 - (-32 - (14 - 14))) + -1 + 0.
-23
Evaluate 11 + (-26 - (-27 + (-1 - -14))).
-1
What is the value of 0 + (-4 - (3 + -37) - (19 + -34))?
45
1 + -1 + 1 - (2 + 1) - (-29 + 21)
6
Evaluate -1 + (4 - -1) - -14 - (0 + -27 + 19).
26
Calculate -1 + 19 + -10 + -6 + -3 - 16.
-17
-107 - -132 - (-5 + (45 - -1))
-16
Calculate (13 + -1 - 0) + -1 + (213 - (-346 + 551)).
19
What is 7 - 10 - -45 - (-7 - (-31 + 16 + 22))?
56
What is the value of 1 + -9 + 112 + -155?
-51
Calculate (-12 - -82) + (-226 - -162).
6
What is 68 + (-2 + -1 - (-24 + (25 - 12) - -15))?
61
Evaluate -98 + 111 - ((56 + -5 - 5) + 0).
-33
What is the value of 2 + -14 + 9 - (44 + (2 - 20))?
-29
What is -98 + 64 + -33 + 20?
-47
What is the value of (0 - -49) + -4 + 26 + (11 - (-14 - -39))?
57
Calculate (35 - 6 - 14) + -41.
-26
Evaluate 4 + 62 + -9 - 4 - (16 + -29 - 0).
66
(-84 - -67) + 106 - 48
41
121 + -112 + 87